{"id":149,"date":"2025-01-21T17:18:43","date_gmt":"2025-01-21T16:18:43","guid":{"rendered":"https:\/\/guidenaturesarlat.com\/?page_id=149"},"modified":"2025-01-30T16:08:02","modified_gmt":"2025-01-30T15:08:02","slug":"moyens-techniques-et-materiels","status":"publish","type":"page","link":"https:\/\/guidenaturesarlat.com\/index.php\/en-tant-quecologue\/moyens-techniques-et-materiels\/","title":{"rendered":"Moyens techniques et mat\u00e9riels"},"content":{"rendered":"\n<h2 class=\"wp-block-heading\"><br><br><br>Moyens techniques et mat\u00e9riels<\/h2>\n\n\n\n<h3 class=\"wp-block-heading\">Mat\u00e9riel d&rsquo;\u00e9tude<\/h3>\n\n\n\n<p><\/p>\n\n\n\n<ul class=\"wp-block-list\">\n<li>Jumelles (plusieurs paires)<\/li>\n\n\n\n<li>Parabole d\u00a0\u00bb\u00e9coute amplifi\u00e9e (recherche des passereaux chanteurs diurnes, rapaces nocturnes, amphibiens)<\/li>\n\n\n\n<li>D\u00e9tecteur ultrason du type batbox (identification des chiropt\u00e8res*) <\/li>\n\n\n\n<li>Pi\u00e8ges Photographiques<\/li>\n\n\n\n<li>Mat\u00e9riel de capture de l&rsquo;entomofaune et amphibiens (filets, boites, loupes)<\/li>\n\n\n\n<li>Plaques solaires (erp\u00e9tofaune)<\/li>\n\n\n\n<li>Ouvrages naturalistes et guides locaux de d\u00e9termination  (flore, gramin\u00e9es, oiseaux, odonates, l\u00e9pidopt\u00e8res, erp\u00e9tofaune&#8230;)<\/li>\n<\/ul>\n\n\n\n<h3 class=\"wp-block-heading\"><br><br><br>Mat\u00e9riel informatique<br><\/h3>\n\n\n\n<ul class=\"wp-block-list\">\n<li>PC portable<\/li>\n\n\n\n<li>Imprimante multifonction<\/li>\n\n\n\n<li>Serveur NAS<\/li>\n<\/ul>\n\n\n\n<h3 class=\"wp-block-heading\"><br><br><br>R\u00e9unions \/ conf\u00e9rences \/ Formations<\/h3>\n\n\n\n<ul class=\"wp-block-list\">\n<li>Video projecteur<br><br><br><\/li>\n<\/ul>\n\n\n\n<h3 class=\"wp-block-heading\"><br><br><br>Plateforme logiciel<\/h3>\n\n\n\n<ul class=\"wp-block-list\">\n<li>Suite bureautique<\/li>\n\n\n\n<li>Photo filtre X<\/li>\n\n\n\n<li>Cartographie sous Qgis<\/li>\n<\/ul>\n","protected":false},"excerpt":{"rendered":"<p>Moyens techniques et mat\u00e9riels Mat\u00e9riel d&rsquo;\u00e9tude Mat\u00e9riel informatique R\u00e9unions \/ conf\u00e9rences \/ Formations Plateforme logiciel<\/p>\n","protected":false},"author":1,"featured_media":0,"parent":7,"menu_order":0,"comment_status":"closed","ping_status":"closed","template":"","meta":{"footnotes":""},"class_list":["post-149","page","type-page","status-publish","hentry"],"yoast_head":"<!-- This site is optimized with the Yoast SEO plugin v27.4 - https:\/\/yoast.com\/product\/yoast-seo-wordpress\/ -->\n<title>Moyens techniques et mat\u00e9riels - BUREAU FAUNE FLORE 24<\/title>\n<meta name=\"robots\" content=\"index, follow, max-snippet:-1, max-image-preview:large, max-video-preview:-1\" \/>\n<link rel=\"canonical\" href=\"https:\/\/guidenaturesarlat.com\/index.php\/en-tant-quecologue\/moyens-techniques-et-materiels\/\" \/>\n<meta property=\"og:locale\" content=\"fr_FR\" \/>\n<meta property=\"og:type\" content=\"article\" \/>\n<meta property=\"og:title\" content=\"Moyens techniques et mat\u00e9riels - BUREAU FAUNE FLORE 24\" \/>\n<meta property=\"og:description\" content=\"Moyens techniques et mat\u00e9riels Mat\u00e9riel d&rsquo;\u00e9tude Mat\u00e9riel informatique R\u00e9unions \/ conf\u00e9rences \/ Formations Plateforme logiciel\" \/>\n<meta property=\"og:url\" content=\"https:\/\/guidenaturesarlat.com\/index.php\/en-tant-quecologue\/moyens-techniques-et-materiels\/\" \/>\n<meta property=\"og:site_name\" content=\"BUREAU FAUNE FLORE 24\" \/>\n<meta property=\"article:publisher\" content=\"https:\/\/www.facebook.com\/yannicklengletguidenaturaliste?locale=fr_FR\" \/>\n<meta property=\"article:modified_time\" content=\"2025-01-30T15:08:02+00:00\" \/>\n<meta name=\"twitter:card\" content=\"summary_large_image\" \/>\n<script type=\"application\/ld+json\" class=\"yoast-schema-graph\">{\"@context\":\"https:\\\/\\\/schema.org\",\"@graph\":[{\"@type\":\"WebPage\",\"@id\":\"https:\\\/\\\/guidenaturesarlat.com\\\/index.php\\\/en-tant-quecologue\\\/moyens-techniques-et-materiels\\\/\",\"url\":\"https:\\\/\\\/guidenaturesarlat.com\\\/index.php\\\/en-tant-quecologue\\\/moyens-techniques-et-materiels\\\/\",\"name\":\"Moyens techniques et mat\u00e9riels - BUREAU FAUNE FLORE 24\",\"isPartOf\":{\"@id\":\"https:\\\/\\\/guidenaturesarlat.com\\\/#website\"},\"datePublished\":\"2025-01-21T16:18:43+00:00\",\"dateModified\":\"2025-01-30T15:08:02+00:00\",\"breadcrumb\":{\"@id\":\"https:\\\/\\\/guidenaturesarlat.com\\\/index.php\\\/en-tant-quecologue\\\/moyens-techniques-et-materiels\\\/#breadcrumb\"},\"inLanguage\":\"fr-FR\",\"potentialAction\":[{\"@type\":\"ReadAction\",\"target\":[\"https:\\\/\\\/guidenaturesarlat.com\\\/index.php\\\/en-tant-quecologue\\\/moyens-techniques-et-materiels\\\/\"]}]},{\"@type\":\"BreadcrumbList\",\"@id\":\"https:\\\/\\\/guidenaturesarlat.com\\\/index.php\\\/en-tant-quecologue\\\/moyens-techniques-et-materiels\\\/#breadcrumb\",\"itemListElement\":[{\"@type\":\"ListItem\",\"position\":1,\"name\":\"Accueil\",\"item\":\"https:\\\/\\\/guidenaturesarlat.com\\\/\"},{\"@type\":\"ListItem\",\"position\":2,\"name\":\"En tant qu&rsquo;\u00e9cologue\",\"item\":\"https:\\\/\\\/guidenaturesarlat.com\\\/index.php\\\/en-tant-quecologue\\\/\"},{\"@type\":\"ListItem\",\"position\":3,\"name\":\"Moyens techniques et mat\u00e9riels\"}]},{\"@type\":\"WebSite\",\"@id\":\"https:\\\/\\\/guidenaturesarlat.com\\\/#website\",\"url\":\"https:\\\/\\\/guidenaturesarlat.com\\\/\",\"name\":\"BUREAU FAUNE FLORE 24\",\"description\":\"Bureau d&#039;\u00e9tudes en expertises des milieux naturels - Implant\u00e9 pr\u00e8s de Sarlat La Can\u00e9da - P\u00e9rigord Noir\",\"publisher\":{\"@id\":\"https:\\\/\\\/guidenaturesarlat.com\\\/#organization\"},\"potentialAction\":[{\"@type\":\"SearchAction\",\"target\":{\"@type\":\"EntryPoint\",\"urlTemplate\":\"https:\\\/\\\/guidenaturesarlat.com\\\/?s={search_term_string}\"},\"query-input\":{\"@type\":\"PropertyValueSpecification\",\"valueRequired\":true,\"valueName\":\"search_term_string\"}}],\"inLanguage\":\"fr-FR\"},{\"@type\":\"Organization\",\"@id\":\"https:\\\/\\\/guidenaturesarlat.com\\\/#organization\",\"name\":\"BUREAU FAUNE FLORE 24\",\"url\":\"https:\\\/\\\/guidenaturesarlat.com\\\/\",\"logo\":{\"@type\":\"ImageObject\",\"inLanguage\":\"fr-FR\",\"@id\":\"https:\\\/\\\/guidenaturesarlat.com\\\/#\\\/schema\\\/logo\\\/image\\\/\",\"url\":\"https:\\\/\\\/guidenaturesarlat.com\\\/wp-content\\\/uploads\\\/2026\\\/02\\\/cropped-Logo2026-4.jpg\",\"contentUrl\":\"https:\\\/\\\/guidenaturesarlat.com\\\/wp-content\\\/uploads\\\/2026\\\/02\\\/cropped-Logo2026-4.jpg\",\"width\":127,\"height\":200,\"caption\":\"BUREAU FAUNE FLORE 24\"},\"image\":{\"@id\":\"https:\\\/\\\/guidenaturesarlat.com\\\/#\\\/schema\\\/logo\\\/image\\\/\"},\"sameAs\":[\"https:\\\/\\\/www.facebook.com\\\/yannicklengletguidenaturaliste?locale=fr_FR\"]}]}<\/script>\n<!-- \/ Yoast SEO plugin. -->","yoast_head_json":{"title":"Moyens techniques et mat\u00e9riels - BUREAU FAUNE FLORE 24","robots":{"index":"index","follow":"follow","max-snippet":"max-snippet:-1","max-image-preview":"max-image-preview:large","max-video-preview":"max-video-preview:-1"},"canonical":"https:\/\/guidenaturesarlat.com\/index.php\/en-tant-quecologue\/moyens-techniques-et-materiels\/","og_locale":"fr_FR","og_type":"article","og_title":"Moyens techniques et mat\u00e9riels - BUREAU FAUNE FLORE 24","og_description":"Moyens techniques et mat\u00e9riels Mat\u00e9riel d&rsquo;\u00e9tude Mat\u00e9riel informatique R\u00e9unions \/ conf\u00e9rences \/ Formations Plateforme logiciel","og_url":"https:\/\/guidenaturesarlat.com\/index.php\/en-tant-quecologue\/moyens-techniques-et-materiels\/","og_site_name":"BUREAU FAUNE FLORE 24","article_publisher":"https:\/\/www.facebook.com\/yannicklengletguidenaturaliste?locale=fr_FR","article_modified_time":"2025-01-30T15:08:02+00:00","twitter_card":"summary_large_image","schema":{"@context":"https:\/\/schema.org","@graph":[{"@type":"WebPage","@id":"https:\/\/guidenaturesarlat.com\/index.php\/en-tant-quecologue\/moyens-techniques-et-materiels\/","url":"https:\/\/guidenaturesarlat.com\/index.php\/en-tant-quecologue\/moyens-techniques-et-materiels\/","name":"Moyens techniques et mat\u00e9riels - BUREAU FAUNE FLORE 24","isPartOf":{"@id":"https:\/\/guidenaturesarlat.com\/#website"},"datePublished":"2025-01-21T16:18:43+00:00","dateModified":"2025-01-30T15:08:02+00:00","breadcrumb":{"@id":"https:\/\/guidenaturesarlat.com\/index.php\/en-tant-quecologue\/moyens-techniques-et-materiels\/#breadcrumb"},"inLanguage":"fr-FR","potentialAction":[{"@type":"ReadAction","target":["https:\/\/guidenaturesarlat.com\/index.php\/en-tant-quecologue\/moyens-techniques-et-materiels\/"]}]},{"@type":"BreadcrumbList","@id":"https:\/\/guidenaturesarlat.com\/index.php\/en-tant-quecologue\/moyens-techniques-et-materiels\/#breadcrumb","itemListElement":[{"@type":"ListItem","position":1,"name":"Accueil","item":"https:\/\/guidenaturesarlat.com\/"},{"@type":"ListItem","position":2,"name":"En tant qu&rsquo;\u00e9cologue","item":"https:\/\/guidenaturesarlat.com\/index.php\/en-tant-quecologue\/"},{"@type":"ListItem","position":3,"name":"Moyens techniques et mat\u00e9riels"}]},{"@type":"WebSite","@id":"https:\/\/guidenaturesarlat.com\/#website","url":"https:\/\/guidenaturesarlat.com\/","name":"BUREAU FAUNE FLORE 24","description":"Bureau d&#039;\u00e9tudes en expertises des milieux naturels - Implant\u00e9 pr\u00e8s de Sarlat La Can\u00e9da - P\u00e9rigord Noir","publisher":{"@id":"https:\/\/guidenaturesarlat.com\/#organization"},"potentialAction":[{"@type":"SearchAction","target":{"@type":"EntryPoint","urlTemplate":"https:\/\/guidenaturesarlat.com\/?s={search_term_string}"},"query-input":{"@type":"PropertyValueSpecification","valueRequired":true,"valueName":"search_term_string"}}],"inLanguage":"fr-FR"},{"@type":"Organization","@id":"https:\/\/guidenaturesarlat.com\/#organization","name":"BUREAU FAUNE FLORE 24","url":"https:\/\/guidenaturesarlat.com\/","logo":{"@type":"ImageObject","inLanguage":"fr-FR","@id":"https:\/\/guidenaturesarlat.com\/#\/schema\/logo\/image\/","url":"https:\/\/guidenaturesarlat.com\/wp-content\/uploads\/2026\/02\/cropped-Logo2026-4.jpg","contentUrl":"https:\/\/guidenaturesarlat.com\/wp-content\/uploads\/2026\/02\/cropped-Logo2026-4.jpg","width":127,"height":200,"caption":"BUREAU FAUNE FLORE 24"},"image":{"@id":"https:\/\/guidenaturesarlat.com\/#\/schema\/logo\/image\/"},"sameAs":["https:\/\/www.facebook.com\/yannicklengletguidenaturaliste?locale=fr_FR"]}]}},"_links":{"self":[{"href":"https:\/\/guidenaturesarlat.com\/index.php\/wp-json\/wp\/v2\/pages\/149","targetHints":{"allow":["GET"]}}],"collection":[{"href":"https:\/\/guidenaturesarlat.com\/index.php\/wp-json\/wp\/v2\/pages"}],"about":[{"href":"https:\/\/guidenaturesarlat.com\/index.php\/wp-json\/wp\/v2\/types\/page"}],"author":[{"embeddable":true,"href":"https:\/\/guidenaturesarlat.com\/index.php\/wp-json\/wp\/v2\/users\/1"}],"replies":[{"embeddable":true,"href":"https:\/\/guidenaturesarlat.com\/index.php\/wp-json\/wp\/v2\/comments?post=149"}],"version-history":[{"count":2,"href":"https:\/\/guidenaturesarlat.com\/index.php\/wp-json\/wp\/v2\/pages\/149\/revisions"}],"predecessor-version":[{"id":210,"href":"https:\/\/guidenaturesarlat.com\/index.php\/wp-json\/wp\/v2\/pages\/149\/revisions\/210"}],"up":[{"embeddable":true,"href":"https:\/\/guidenaturesarlat.com\/index.php\/wp-json\/wp\/v2\/pages\/7"}],"wp:attachment":[{"href":"https:\/\/guidenaturesarlat.com\/index.php\/wp-json\/wp\/v2\/media?parent=149"}],"curies":[{"name":"wp","href":"https:\/\/api.w.org\/{rel}","templated":true}]}}